3. Calculate the remainder when z(3) is divided by 10/(-4)*(t - 18).
12
Let s(v) = v**3 + 7*v**2 - v - 4. Let k be s(-7). Suppose -2*w + 23 - k = 0. Calculate the remainder when 68 is divided by w.
8
Let f = -11 + 15. Suppose 9 + f = h. Calculate the remainder when 76 is divided by h.
11
Suppose -3*n - 34 = -106. Calculate the remainder when 92 is divided by n.
20
Suppose 16*s - 186 = -4*j + 14*s, -2*j = 4*s - 96. Suppose 5*h - f = 454, 0 = 3*h - 5*f + 115 - 405. What is the remainder when h is divided by j?
44
Suppose 4*m + 24 = -24. Let u(v) = -5*v + 19. Let r be u(6). Let c = r - m. Calculate the remainder when 3 is divided by c.
0
Let b = 42 - 34. What is the remainder when 93 is divided by b?
5
Suppose 0 = 21*c - 227 + 17. Suppose 16 = -4*x, -11 = 4*w + 2*x - 3. Let h(d) = -d**2 + 3. Calculate the remainder when c is divided by h(w).
1
Let h(s) = -s**3 - s**2 - 2*s + 1. Let v be h(-3). What is the remainder when 94 is divided by ((-48)/(-10))/(-2 + 55/v)?
22
Let m(a) be the second derivative of 5*a**3/3 - 8*a**2 - 10*a. What is the remainder when 68 is divided by m(4)?
20
Let m = 41 - 1. Calculate the remainder when 115 is divided by m.
35
Let h = 278 + -251. Calculate the remainder when 132 is divided by h.
24
Suppose -15*y = 15*y + 191 - 521. Let v = -7 + 13. What is the remainder when y is divided by v?
5
Let w = -767 + 1137. Let t(d) = -d**2 - 6*d + 3. Calculate the remainder when w/8 - (-2)/(-8) is divided by t(-5).
6
Let t(d) = -d**3 + 18*d**2 + 19*d + 27. Let x = -59 + 78. Let v = -12 + 27. Calculate the remainder when t(x) is divided by v.
12
Let f(r) = -r**2 + 0*r**2 + 3*r**2. Let l be 33/(-99) - (22/6 - 0). Calculate the remainder when f(l) is divided by 17.
15
Let o(g) = g**2 + 15*g - 69. What is the remainder when o(7) is divided by 38?
9
Suppose 0 = -2*y - 3*r - 7, 4*r + 0 - 2 = 3*y. Let n = 42 + y. What is the remainder when 159 is divided by n?
39
Let s(i) be the third derivative of i**5/60 - 19*i**4/24 + 4*i**3 + i**2. Let b be s(12). Calculate the remainder when 45 is divided by 18*5/(b/(-8)).
9
Suppose -4*n = -d + 7 + 29, -90 = -4*d - 2*n. What is the remainder when 69 is divided by d?
21
Suppose -3*g = -0*g - 9. Suppose -2*y + 135 = g*y. What is the remainder when 6/y - 1000/(-36) is divided by 15?
13
Let g be 21/5 - (-8)/10. Suppose 332 + 128 = g*b. Calculate the remainder when b is divided by 19.
16
Let l be (-5)/(-25)*37 + (-2)/5. Suppose m + 2*g - 16 = 0, -5*m - 2*g + 72 = -0*m. Calculate the remainder when m is divided by 810/105 - (-2)/l.
6
Let q(b) = -b**2 + 9*b - 9. Suppose -5*i = -1 + 6. What is the remainder when q(6) is divided by (1*i)/((-22)/88)?
1
Let t(i) = -190 + i**2 + 10*i**3 + 2*i**3 + 191 - 3*i. Calculate the remainder when t(2) is divided by 14.
11
Suppose -o + 182 = 2*m, 2*m - 5*o = -2*m + 336. What is the remainder when m is divided by 20?
9
Suppose -4*h + 0 = -12. Let r = 28 - 72. Calculate the remainder when (r/(-55))/((-1)/(15/(-2))) is divided by h.
0
Let s = 10 + -14. Let v be (1 - 1)/(9 - 7). What is the remainder when -19*((s - -3) + v) is divided by 7?
5
Let x = 29 + 202. Calculate the remainder when x is divided by 60.
51
What is the remainder when 133*(0 + -2 + 3) is divided by 51/(-4)*32/(-12)?
31
Suppose -19*t + 875 = -778. What is the remainder when t is divided by 23?
18
Suppose 4*a - 36 = 24. What is the remainder when a is divided by (-1 - 30/(-8)) + 57/(-76)?
1
Suppose -115 = -5*o + l, 2*o + 3*l - 46 = -2*l. What is the remainder when 228 is divided by o?
21
Let f = -63 + 88. Suppose 7 = -3*z + f. What is the remainder when 19 is divided by z?
1
Suppose m + 4 = 0, -j - 4*j + 4*m = -186. Suppose 0 = 4*g - 16, 3*u - 5*g = u + j. What is the remainder when u is divided by 14?
13
Suppose 10*n - 101 = 69. What is the remainder when 50 is divided by n?
16
Let m(f) = -5*f**3 - 3*f**2 + 3*f. What is the remainder when 135 is divided by m(-2)?
3
Let k(i) = 5*i + 60. What is the remainder when 69 is divided by k(-9)?
9
Let n(v) = v**3 - 6*v**2 + 3*v + 13. What is the remainder when 96 is divided by n(6)?
3
Let v(d) = 60*d**2 + d + 1. Calculate the remainder when v(1) is divided by 23.
16
Let i(b) = b**2 + 17*b + 9. What is the remainder when i(-21) is divided by 23?
1
Let z(r) = r**3 + r**2 - r + 37. Let s be z(0). Let m = -41 + s. Let l = 15 - m. What is the remainder when 75 is divided by l?
18
Let l = 48 + -40. Suppose 4*m = -l, -w + 5*m + 23 - 2 = 0. Calculate the remainder when 52 is divided by w.
8
Suppose 420 = -0*f + 5*f. Suppose 3*b + b - f = 0. What is the remainder when 37 is divided by b?
16
Let t = 17 - 20. Let k(p) = -3*p**2 - 3*p. Let c be k(t). What is the remainder when 7/(-2 - 39/c) is divided by 11?
9
Suppose 0 = 8*g - 431 - 1297. What is the remainder when g is divided by 79?
58
Suppose 0 = -3*r + 4*m + 20, 5*r - 2*m + 150 = 174. What is the remainder when 845 is divided by r?
1
What is the remainder when 24 + 20/(-30)*-3 is divided by 14?
12
Suppose 0 = -5*h - 0*n - 3*n + 20, -4*h = -2*n - 16. Let u = 116 + -95. Suppose -t + u = 3*q + 2, q = -h*t + 87. What is the remainder when 42 is divided by t?
20
Suppose -16*t - 71*t = -3567. Suppose -6 = 4*h - 34. What is the remainder when t is divided by h?
6
Let p(y) = 5*y**2 + 2*y + 4. Let g = -987 - -1115. Calculate the remainder when g is divided by p(-3).
42
Let z = 572 + -519. Calculate the remainder when 146 is divided by z.
40
Calculate the remainder when 537 is divided by (316/237)/(8/294).
47
Let k(c) = -c**2 + 14*c - 7. Calculate the remainder when 47 is divided by k(11).
21
Suppose -5*a = -3*k - 10, 2*a - 30 = k - 5*k. Calculate the remainder when 26 is divided by k.
1
Let v(b) = 2*b**2 - 22*b + 3. Let h be v(11). Suppose -h*t + 63 = j - 35, -3*j - 5*t = -290. What is the remainder when j is divided by 14?
11
Let k be (3/(-6))/((-3)/48). Let i be (k - -1)*4/18. Suppose i*m + 3*m = 250. What is the remainder when m is divided by 17?
16
Suppose 4*h + 4*t = 48, -2*t - 18 = -2*h + 2. Suppose g + 71 = -2*z + 6*z, 3*g + 61 = 4*z. Calculate the remainder when z is divided by h.
8
Calculate the remainder when ((-2)/(-6))/(3*5/10305) is divided by 33.
31
Let r = 2078 - 2030. Calculate the remainder when r is divided by 5.
3
Suppose -5*t + 672 = -m, -5*t - 5*m + 660 = -0*t. What is the remainder when t is divided by 14?
8
Let h(k) = 8*k - 28. Let a be h(7). Suppose 0*i = 3*i - 2*m - a, 5*i + m = 25. What is the remainder when 16 is divided by i?
4
Let g be 2/8 - 1438/(-8). Suppose -g = -0*x - 5*x. Suppose -54*n + 5*n = -931. Calculate the remainder when x is divided by n.
17
Let r = 33 + -33. Suppose 3*t - t - 114 = r. What is the remainder when t is divided by 15?
12
Suppose -5*m + 38 = d, -2*d - 4*m + 103 = -3*m. Let t = -65 + 68. Suppose -b - t*o + d = 0, 2*b + 8*o - 96 = 4*o. What is the remainder when b is divided by 10?
8
Suppose 2*m - 6*m + 34 = -5*s, 2*m = -3*s + 28. Let b = 472 - 445. Calculate the remainder when b is divided by m.
5
Calculate the remainder when 419 is divided by 5*14/(-105) + (-505)/(-15).
23
Let x be 3 - 3 - 0/(-2). Suppose -225 = -x*d - 5*d. Suppose -5*v + 8 = -4*g - 100, 0 = v - 2*g - 18. Calculate the remainder when d is divided by v.
21
Let k(b) = 71*b**3 + 2*b**2 - b. Let v be ((-1)/(-3))/(2/6). Let a be k(v). Suppose -7*o + 3*o + a = 0. Calculate the remainder when 51 is divided by o.
15
Let r = 159 + 303. Suppose -r = -4*q - 7*q. What is the remainder when q is divided by 13?
3
Suppose 385*g = 400*g - 300. Let m(f) = 18*f + 5. Calculate the remainder when m(5) is divided by g.
15
Suppose -5*i = -54 - 81. Suppose -173 + 539 = -3*k. Let f = k + 227. What is the remainder when f is divided by i?
24
Let l = 52 - 0. Suppose -10*u + 242 - l = 0. Calculate the remainder when u is divided by 10.
9
Suppose 149 = 2*q + f, 4*q = 8*q - 4*f - 316. Suppose -19*s = -17*s - q. What is the remainder when 226 is divided by s?
36
Let x(k) be the first derivative of k**4/4 + 8*k**3/3 - 11*k**2 - 12*k + 51. What is the remainder when 15 is divided by x(-10)?
7
Suppose -z = -2*i + 1, -z - 17 + 1 = -5*i. Suppose 4*s = 22*w - 17*w - 64, 0 = 4*s - 16. What is the remainder when w is divided by z?
7
Suppose 5*z - 74 = -2*c, -4*z - c - 2*c = -55. Let w = 1 - -2. Suppose -4*n + 61 = -w*n. What is the remainder when